{"id":163,"date":"2011-01-01T21:55:15","date_gmt":"2011-01-01T20:55:15","guid":{"rendered":"http:\/\/localhost\/kajanova\/?page_id=163"},"modified":"2012-09-30T08:01:25","modified_gmt":"2012-09-30T07:01:25","slug":"curriculum-vitae","status":"publish","type":"page","link":"https:\/\/kajanova.zrak.sk\/?page_id=163","title":{"rendered":"Curriculum vitae"},"content":{"rendered":"<p><a href=\"http:\/\/kajanova.zrak.sk\/?attachment_id=204\" rel=\"attachment wp-att-204\"><img loading=\"lazy\" decoding=\"async\" class=\"alignleft size-full wp-image-204\" title=\"yvettakajanova-medium-init-\" src=\"http:\/\/kajanova.zrak.sk\/wp-content\/uploads\/yvettakajanova-medium-init-.jpg\" alt=\"\" width=\"200\" height=\"150\" srcset=\"https:\/\/kajanova.zrak.sk\/wp-content\/uploads\/yvettakajanova-medium-init-.jpg 200w, https:\/\/kajanova.zrak.sk\/wp-content\/uploads\/yvettakajanova-medium-init--100x75.jpg 100w\" sizes=\"auto, (max-width: 200px) 100vw, 200px\" \/><\/a>Prof. Yvetta Kajanov\u00e1, PhD. &#8211; v roku 1986 absolvovala odbor hudobn\u00e1 veda na Filozofickej fakulte Univerzity Komensk\u00e9ho v Bratislave s pr\u00e1cou Jazzov\u00e1 hudba v telev\u00edzii. Po absolut\u00f3riu pracovala ako redaktorka \u010dasopisu Rytmus vo vydavate\u013estve Obzor a Slovak Music v Slovenskom hudobnom fonde. Nesk\u00f4r pracovala tie\u017e ako mana\u017e\u00e9r koncertn\u00e9ho cyklu Pondelky v Klarisk\u00e1ch v Bratislave. V roku 1994 z\u00edskala vedeck\u00fa hodnos\u0165 kandid\u00e1ta vied o umen\u00ed obhajobou pr\u00e1ce Porovn\u00e1vacia anal\u00fdza medzi \u017e\u00e1nrami modernej popul\u00e1rnej hudby a jazzu. Od roku 2012 je profesorkou na Katedre hudobnej vedy Filozofickej fakulty Univerzity Komensk\u00e9ho v Bratislave.<\/p>\n<p>Predn\u00e1\u0161a na Katedre hudobnej vedy Fi FUK v Bratislave hudobn\u00fa sociol\u00f3giu, hist\u00f3riu jazzu, rocku a popul\u00e1rnej hudby, hudobn\u00fa kritiku a mana\u017ement hudby. V rokoch 1995 \u2013 1999 bola viceprezidentom Slovenskej jazzovej spolo\u010dnosti, po roku 2000 je \u010dlenom Rady Slovenskej jazzovej spolo\u010dnosti, \u010dlenom Komisie muzikol\u00f3gov pri Slovenskom hudobnom fonde (1995 \u2013 2003), \u010dlenom Vedeckej rady \u00daHV SAV (2001 \u2013 2003), \u010dlenom Akademick\u00e9ho sen\u00e1tu Fi FUK (2009).<\/p>\n<p>Pracovala dvan\u00e1s\u0165 rokov ako mana\u017e\u00e9r press centra medzin\u00e1rodn\u00e9ho festivalu<a href=\"http:\/\/www.bjd.sk\" target=\"_blank\"> Bratislavsk\u00e9 jazzov\u00e9 dni<\/a> a viedla tla\u010dov\u00e9 konferencie s tak\u00fdmi osobnos\u0165ami a skupinami ako napr\u00edklad Joe Zawinul, Jean Luc Ponty, Michel Petrucciani, Take Six, Betty Carter a \u010fal\u0161ie. V obdob\u00ed 1984 \u2013 2000 pravidelne prispievala do \u010dasopisov Rytmus, Popul\u00e1r, Smena, Sme, Kult\u00farny \u017eivot, Hudobn\u00fd \u017eivot, Liter\u00e1rny t\u00fd\u017edenn\u00edk, Slovensk\u00e1 hudba, Adoremus. Nesk\u00f4r sa zameriavala na vedeck\u00e9 smerovanie svojej kari\u00e9ry a prispievala do vedeck\u00fdch zborn\u00edkov <a href=\"http:\/\/www.fphil.uniba.sk\/index.php?id=musicologica_istropolitana\" target=\"_blank\">Musicologica Istropolitana<\/a>, Musicologica Slovaca, z\u00fa\u010dastnila sa na medzin\u00e1rodn\u00fdch konferenci\u00e1ch The Symposium of Young Musicologists, Bratislava 1988, 1992 and 1994, Die slowakische Musik der Gegenwart, Vienna 1997, <a href=\"http:\/\/www.hc.sk\/melos-ethos\/\" target=\"_blank\">Melos \u2013 Ethos<\/a>, Bratislava 1993, 1997, 1998, 1999, 2001, 2005 a 2007, Popular Music and School, Prague 1999, Bach 2000 \u2013 Music Between Virgin Forest and Knowledge Society, Regensburg 2000, ICCEES \u2013 Regional European Congress, Berlin 2007, Jazz Behind the Iron Curtain, Warsaw 2008, Reflection of Popular and Alternative Music in Europe after World War II, Krakow 2009 and Migrating Music: Media, Politics and Style, London 2009. V s\u00fa\u010dasnosti prispieva ako hudobn\u00fd kritik do internetov\u00e9ho \u010dasopisu <a href=\"http:\/\/www.skjazz.sk\" target=\"_blank\">Skjazz.sk<\/a>.<\/p>\n<p>Yvetta Kajanov\u00e1 bola \u010dlenkou medzin\u00e1rodn\u00e9ho v\u00fdskumn\u00e9ho t\u00edmu Jazz vo v\u00fdchodnom bloku vo <a href=\"http:\/\/www.oei.fu-berlin.de\/projekte\/jazz\/projektteam\/forscher\/kajanova\/index.html\" target=\"_blank\">Freie Universit\u00e4t Berlin<\/a> v rokoch 2008 \u2013 2010. Pre \u0161tudentov muzikol\u00f3gie usporiadala University Workshop o modernej popul\u00e1rnej hudbe a jazze v roku 1997, workshop roz\u0161\u00edrila o akt\u00edvne muzic\u00edrovanie a koncertn\u00e9 vyst\u00fapenie \u0161tudentov v roku 2009. V obdob\u00ed 1997 \u2013 1999 Yvetta Kajanov\u00e1 spolupracovala ako v\u00fdskumn\u00edk s <a href=\"http:\/\/www.uhv.sav.sk\/\" target=\"_blank\">\u00daHV Slovenskej akad\u00e9mie vied<\/a>. Habilitovala sa pr\u00e1cou Kapitoly o jazze a rocku (Bratislava: Epos 2003). K jej posledn\u00fdm monografi\u00e1m patria Gospel music na Slovensku (Bratislava: Coolart-Lux 2009), Postmoderna v hudbe. Minimal, rock, pop, jazz (Bratislava: VUK 2010), K dejin\u00e1m jazzu (Bratislava: CoolArt 2010), K dejin\u00e1m rocku (Bratislava: CoolArt 2010).<\/p>","protected":false},"excerpt":{"rendered":"<p>Prof. Yvetta Kajanov\u00e1, PhD. &#8211; v roku 1986 absolvovala odbor hudobn\u00e1 veda na Filozofickej fakulte Univerzity Komensk\u00e9ho v Bratislave s &hellip; <a href=\"https:\/\/kajanova.zrak.sk\/?page_id=163\" class=\"more-link\">More <span class=\"screen-reader-text\">Curriculum vitae<\/span> <span class=\"meta-nav\">&rarr;<\/span><\/a><\/p>\n","protected":false},"author":1,"featured_media":0,"parent":0,"menu_order":90,"comment_status":"closed","ping_status":"closed","template":"","meta":{"ngg_post_thumbnail":0,"footnotes":""},"class_list":["post-163","page","type-page","status-publish","hentry"],"_links":{"self":[{"href":"https:\/\/kajanova.zrak.sk\/index.php?rest_route=\/wp\/v2\/pages\/163","targetHints":{"allow":["GET"]}}],"collection":[{"href":"https:\/\/kajanova.zrak.sk\/index.php?rest_route=\/wp\/v2\/pages"}],"about":[{"href":"https:\/\/kajanova.zrak.sk\/index.php?rest_route=\/wp\/v2\/types\/page"}],"author":[{"embeddable":true,"href":"https:\/\/kajanova.zrak.sk\/index.php?rest_route=\/wp\/v2\/users\/1"}],"replies":[{"embeddable":true,"href":"https:\/\/kajanova.zrak.sk\/index.php?rest_route=%2Fwp%2Fv2%2Fcomments&post=163"}],"version-history":[{"count":19,"href":"https:\/\/kajanova.zrak.sk\/index.php?rest_route=\/wp\/v2\/pages\/163\/revisions"}],"predecessor-version":[{"id":184,"href":"https:\/\/kajanova.zrak.sk\/index.php?rest_route=\/wp\/v2\/pages\/163\/revisions\/184"}],"wp:attachment":[{"href":"https:\/\/kajanova.zrak.sk\/index.php?rest_route=%2Fwp%2Fv2%2Fmedia&parent=163"}],"curies":[{"name":"wp","href":"https:\/\/api.w.org\/{rel}","templated":true}]}}